 of q(w)?
False
Let r = -71 + 103. Let t = r + -23. Is 28 a factor of (-24)/t*(-23 + 2)?
True
Let d = -32 + 29. Is (-14 - d)*-4 + 3 a multiple of 7?
False
Suppose -484 = -4*o + 4*w, 2*w + 0*w = -10. Let x = -75 + o. Is 4 a factor of x?
False
Suppose -24*a + 16*a - 16 = 0. Is 15 a factor of (a - 39/(-15))/((-1)/(-75))?
True
Suppose -2*h + 320 = -0*h. Is ((-2)/4)/((-5)/h) a multiple of 16?
True
Let x(j) = 17*j**2 + 21*j + 34. Is 24 a factor of x(10)?
True
Let s(w) = w**2 - 44*w - 56. Is 17 a factor of s(-20)?
True
Suppose -79 = -g + 5*y, 112*y - 111*y - 295 = -4*g. Does 37 divide g?
True
Suppose 0 = 2*w - b - 24, w + 5*b - 5 + 4 = 0. Suppose -6 = -13*f + w*f. Suppose 0 = 5*h + 4*v - 123, v + f*v = 4*h - 84. Is 4 a factor of h?
False
Is ((-2)/(-36)*6)/(3/3078) a multiple of 3?
True
Let c be 5120/88 + 4/(-22). Suppose -2*u + 75 = w + 19, -2*u - 2*w + c = 0. Suppose -4*n + u = -245. Does 17 divide n?
True
Let q(v) = v**2 - v + 20. Let a be 0 - (-5 + (-2)/(-2)). Suppose -3*l - 9 = 5*p, -a*l - 15 = p + l. Is 10 a factor of q(p)?
True
Suppose 1707 = 8*n - 1365. Does 12 divide n?
True
Let s be 226*((-6)/(-9))/((-4)/(-6)). Suppose 30 = -4*o + s. Is 14 a factor of o?
False
Suppose 22*v - 592 + 130 = 0. Let a = -66 - -38. Is ((-54)/v)/(6/a) a multiple of 8?
False
Let n be 63/(-12)*(-1 + -3). Let o be (2/(-4))/(6/(-216)). Let b = n + o. Is 8 a factor of b?
False
Suppose -o = g + 3 - 1, -3*g + 5*o = -26. Let f be 1 - (-1 - (g + 0)). Suppose -4*a + f*h + h = -83, -5*h = -25. Is a a multiple of 9?
True
Suppose 0 = -5*m + 5*g + 725, 7*m - 2*m - 745 = g. Is 43 a factor of m?
False
Suppose 20 = 2*i + 2*i. Suppose -i*h = -9*h + 28. Does 7 divide h?
True
Is 65*2*(-2 + 66/12) a multiple of 35?
True
Suppose -u + 0*u - 3*q = 0, 0 = -5*u + 2*q. Suppose 3*l - 80 - 130 = u. Is l a multiple of 14?
True
Let t = 435 + -147. Is 12 a factor of t?
True
Let o = -2 + 11. Suppose -c + v + o = -0, -2*v = 10. Suppose 20 = 4*s + 4*n - 256, c*s - 3*n = 297. Does 18 divide s?
True
Let v(q) = -3*q**2 + 18*q + 2. Let c be v(6). Let m(w) = 19*w**3 - w**2. Does 18 divide m(c)?
False
Let p(q) = -2*q. Let y be p(-4). Does 6 divide 21 - 4/(y/(-6))?
True
Let o = 145 - 100. Suppose -2*s - 3*s = -5*x - 75, 4*s - x - o = 0. Does 5 divide s?
True
Suppose -4*d - 27 - 37 = 0. Let o = 38 + d. Is 7 a factor of o?
False
Does 27 divide (22 - -73)/(-1 - -2)?
False
Let r = -1105 - -1617. Does 11 divide r?
False
Let z(a) = -4*a**3 - 2*a - 6. Let h(f) = f**3 + f + 2. Let i(y) = 5*h(y) + z(y). Suppose 7 + 1 = 2*m. Is i(m) a multiple of 22?
False
Let h = 1294 - 839. Is h a multiple of 18?
False
Is 8 a factor of (63 - 61)/(138/134 - 1)?
False
Suppose 2*i - 438 = 6*z - 2*z, -2*i + 458 = z. Let g = 378 - 537. Let d = i + g. Is d a multiple of 15?
False
Suppose 0*g - 3*g + 5*a - 20 = 0, -4*a = -5*g - 16. Suppose -105 = -5*c - 5*k, -2*c - k - 18 + 65 = g. Is (-4)/c + 420/26 a multiple of 8?
True
Let h(c) = -c**2 + 19*c - 22. Let f be h(18). Does 9 divide (-17 + 1)/f + 5?
True
Suppose -q - 85 = -5*x, 364 = -q - 3*q - 4*x. Let g be q/(-20) + 2/4. Suppose 3*c + 3*z = 43 - 7, -g*c + 60 = -2*z. Does 6 divide c?
True
Let c = 42 + -34. Let q(d) = 3*d + 15. Is q(c) a multiple of 13?
True
Suppose -24*f + 42458 = -10942. Is 89 a factor of f?
True
Let x(t) = -t**2 + 2*t + 4. Let j be x(4). Let z = j - -52. Is z a multiple of 16?
True
Suppose -2*n + 408 = -n. Suppose 0 = 3*k - 9, -n + 11 = -5*h + k. Suppose -2*i - 76 = -5*u - 6*i, 0 = -5*u - 5*i + h. Does 5 divide u?
False
Suppose 0 = -4*f + 3*t - 140, -t = -0*f - 3*f - 110. Let z = f + 40. Is 34 a factor of (z*17)/((-8)/(-16))?
True
Is (-5)/(30/(-12)) + 1593 + 1 a multiple of 76?
True
Suppose q = -3*s - 6 - 13, -5*q - 10 = -2*s. Is 18 a factor of 3 + (434/(-4) + q)*-2?
False
Let d be (145/3)/((-1)/3). Let x = 142 - -63. Let v = d + x. Does 19 divide v?
False
Does 10 divide (-4 + 7)*-1 + (-1449)/(-3)?
True
Let b(h) = -22*h**2 + 2*h + 1. Let x be b(-1). Let w = x - -26. Suppose -w*t + 9 = -90. Is t a multiple of 11?
True
Is 12/(-50)*5*-240 a multiple of 48?
True
Suppose l + 3 = 1, 0 = s + 5*l + 5. Suppose -s*a - 123 = -2*o, o - 88 = a - 31. Does 21 divide o?
False
Let x be (-1)/(-1) + (-1)/((-3)/15). Does 14 divide 2/x - 3762/(-54)?
True
Let y(s) = 10*s**2 - 23*s + 110. Does 13 divide y(12)?
True
Let q be 60/100*30/2. Let a(r) = -r**3 + 2*r**2 + 6*r**2 + 2*r**2 - 7*r + 4. Is a(q) a multiple of 11?
True
Is (-2)/(-20) - (-14)/(280/3198) a multiple of 16?
True
Suppose s + 10*s = 110. Suppose 13*x - 435 = s*x. Is x a multiple of 32?
False
Is 4 a factor of (-59598)/(-54) + 4/12?
True
Let n = -47 - -88. Let x = -21 + n. Is 4 a factor of x?
True
Suppose -116 - 241 = -3*q. Suppose -2*j + q = -p, -5*j + 2*p + 303 = 5*p. Is 15 a factor of j?
True
Is 20938/10 - ((-16)/(-8))/(-10) a multiple of 9?
False
Let f = -71 - -89. Is (-9023)/(-63) - 4/f a multiple of 11?
True
Suppose 5 = 5*f - 5*m + 80, -5*f + 4*m = 72. Is 24 a factor of 574/8 - 3/f?
True
Suppose 105 = -2*f + 9*f. Let a = -17 + f. Is (8/3)/(a/(-36)) a multiple of 15?
False
Suppose 4*c - 1168 = 2*c. Does 6 divide c?
False
Let y(m) = 5*m**2 - 3*m - 2. Let o be y(2). Suppose -13*i + 2 = -o*i. Is i a multiple of 2?
True
Let h = 775 + -379. Does 12 divide h?
True
Let y(p) = 5*p**2 - 15*p - 28. Does 32 divide y(-9)?
True
Suppose 8*s + 1334 = -15*s. Let x(b) = -b**3 - 5*b**2 - 7*b - 6. Let t be x(-4). Does 22 divide (t + -8)*s/4?
False
Suppose 2*v + 2*z + 18 = 0, -3*z = -v + z + 1. Let x(a) = 2*a**2 - 16 + 76*a + 86*a + 3 - 155*a. Does 6 divide x(v)?
True
Let g(p) = 4*p**2 + p + 1. Let t(w) = -11*w**2 - 3*w - 2. Let s(x) = -8*g(x) - 3*t(x). Let j be s(-3). Is 31 a factor of 1234/30 + j/(-30)?
False
Suppose -3 - 2 = -3*p + 2*d, -d = -4*p + 5. Suppose 76 - p = w. Is 9 a factor of w?
False
Let i(t) = -3*t - 2. Let y be i(-2). Suppose -y*p + 30 = -3*p. Does 10 divide p?
True
Let g = -91 + 319. Is 38 a factor of g?
True
Let u(y) = -14*y + 2. Let h be u(-8). Let d = h - 55. Is 24 a factor of d?
False
Let m(k) = 6*k + 98. Is 11 a factor of m(-6)?
False
Suppose 3*j - 30 = 6*j. Does 19 divide (j + 2)*(-18 + 3/(-3))?
True
Let j be 2*7/2 - -1. Suppose 0 = 3*f - j - 22. Is 10 a factor of f?
True
Let a(f) = 1150*f + 49. Is 23 a factor of a(1)?
False
Let d(z) be the third derivative of -z**5/60 - z**4/6 + z**3/6 + 6*z**2. Let s be d(-3). Suppose -3*l = -s*l + 3. Is l a multiple of 3?
True
Does 50 divide 1*(-15924)/18*3/(-2)?
False
Let t be 286*(-3)/(-4 + 10). Let q be 5/20 - 799/(-4). Let i = q + t. Is 16 a factor of i?
False
Let n = 59 + -52. Let y = 84 - n. Is y a multiple of 3?
False
Suppose -1041 = -4*y - 97. Does 7 divide y?
False
Is 114/6 - (-5 + (2 - 3)) a multiple of 15?
False
Suppose 2*l = 4*l - 78. Suppose -3*s - 3*n = -81, -4*s - l + 147 = n. Is s a multiple of 27?
True
Let j = -8 - -12. Let x be j/14 + 7042/49. Suppose 0 = 2*v + v - x. Is 16 a factor of v?
True
Suppose 4*h = -3*p + 729, -3*h + 4*p + 218 + 310 = 0. Does 10 divide h?
True
Suppose 5*d - 17 = -4*q + 105, q + d - 31 = 0. Is q a multiple of 2?
False
Let d = 16 + -41. Suppose 4*z + 32 = 12. Does 4 divide 112/10 - z/d?
False
Suppose -4*v = 14 + 2. Let u be (-1 + 4/8)*262. Is 11 a factor of (-1)/(-4) + u/v?
True
Let m(b) = -2*b**2 + 15*b + 6. Let j be m(8). Let f(o) = 49*o**2 - 4. Does 24 divide f(j)?
True
Suppose -3*d = 5*z - 20, 5*z - 20 = d - 0. Suppose 42 = z*h - 3*h. Suppose 3*o = 60 + h. Does 17 divide o?
True
Let x(f) = 23*f**3 + 1. Let a be x(1). Suppose -4*b = -6*b + 3*d - 22, b = -5*d - a. Is 13 a factor of 2366/49 + 4/b?
False
Suppose 0 = 8*g - 243 - 181. Does 3 divide g?
False
Let d(s) = 5*s**2 + 5*s + 2. Let z be (-2*4)/(4 - 6)*-1. Does 11 divide d(z)?
False
Let w = 213 + -49. Is w a multiple of 41?
True
Let x = -438 - -963. Is x a multiple of 15?
True
Suppose 0*w - 5*w = -5*o, -3*o = -9. Suppose 0 = -j - 18 + w. Let l = 45 + j. Is l a multiple of 15?
True
Let v be 4/(-30) - ((-4)/30 + -1). Suppose 0 = -2*q - v + 53. Does 13 divide q?
True
Suppose -16 = -22*f + 18*f. Suppose -2*m - q + 96 = q, -39 = -m - f*q. Does 17 divide m?
True
Let p(q) = -109*q. Let h be p(-1). Let t = h - 55. Suppose 168 - t = 3*l. Does 19 divide l?
True
Suppose -7*f = 561 + 566. Let n = -101 - f. Is n a multiple of 15?
True
Suppose -12*c + 6*c + 630 = 0. Let b = c + -84. Is 8 a factor of 